er when 786 is divided by 39.
6
What is the remainder when 119469 is divided by 26?
25
Calculate the remainder when 3887 is divided by 56.
23
Calculate the remainder when 13704 is divided by 13657.
47
Calculate the remainder when 3377219 is divided by 301.
300
What is the remainder when 4127 is divided by 24?
23
What is the remainder when 8980 is divided by 8947?
33
What is the remainder when 452051 is divided by 150680?
11
Calculate the remainder when 22452 is divided by 449.
2
Calculate the remainder when 797 is divided by 24.
5
Calculate the remainder when 156892 is divided by 33.
10
Calculate the remainder when 15246 is divided by 18.
0
What is the remainder when 822654 is divided by 20?
14
What is the remainder when 6280 is divided by 6277?
3
Calculate the remainder when 3877029 is divided by 470.
469
Calculate the remainder when 2968 is divided by 291.
58
Calculate the remainder when 5853 is divided by 344.
5
What is the remainder when 1611 is divided by 47?
13
What is the remainder when 77982 is divided by 520?
502
Calculate the remainder when 15993 is divided by 1116.
369
Calculate the remainder when 9107 is divided by 99.
98
What is the remainder when 91942 is divided by 2704?
6
What is the remainder when 507423 is divided by 27?
12
What is the remainder when 404980 is divided by 13?
4
Calculate the remainder when 178625 is divided by 59526.
47
Calculate the remainder when 326864 is divided by 385.
384
Calculate the remainder when 14765 is divided by 71.
68
What is the remainder when 39521 is divided by 465?
461
Calculate the remainder when 18606 is divided by 12.
6
Calculate the remainder when 8558 is divided by 4.
2
Calculate the remainder when 67728 is divided by 22570.
18
What is the remainder when 553127 is divided by 24?
23
Calculate the remainder when 35480 is divided by 47.
42
What is the remainder when 25524195 is divided by 1806?
1803
What is the remainder when 92105 is divided by 305?
300
Calculate the remainder when 12800 is divided by 2008.
752
What is the remainder when 59389 is divided by 25?
14
Calculate the remainder when 7317 is divided by 7123.
194
Calculate the remainder when 433673 is divided by 2.
1
What is the remainder when 3560 is divided by 518?
452
What is the remainder when 700 is divided by 79?
68
Calculate the remainder when 34810 is divided by 18.
16
What is the remainder when 1411 is divided by 10?
1
What is the remainder when 90494 is divided by 22?
8
Calculate the remainder when 7933 is divided by 26.
3
Calculate the remainder when 85603 is divided by 439.
437
Calculate the remainder when 152219 is divided by 29.
27
What is the remainder when 90728 is divided by 10?
8
What is the remainder when 10767 is divided by 16?
15
Calculate the remainder when 1237789 is divided by 752.
749
Calculate the remainder when 46574 is divided by 46546.
28
Calculate the remainder when 47005 is divided by 46950.
55
What is the remainder when 1805373 is divided by 16?
13
What is the remainder when 559989 is divided by 196?
17
What is the remainder when 6394 is divided by 1278?
4
Calculate the remainder when 920663 is divided by 684.
683
Calculate the remainder when 6027 is divided by 402.
399
What is the remainder when 21777 is divided by 1401?
762
Calculate the remainder when 1038 is divided by 282.
192
What is the remainder when 66450 is divided by 66449?
1
Calculate the remainder when 35442 is divided by 2531.
8
Calculate the remainder when 1054306 is divided by 461.
460
What is the remainder when 49278 is divided by 16416?
30
What is the remainder when 9354 is divided by 952?
786
Calculate the remainder when 82685 is divided by 53.
5
What is the remainder when 195236 is divided by 24?
20
What is the remainder when 40263 is divided by 391?
381
What is the remainder when 15960 is divided by 166?
24
Calculate the remainder when 246238 is divided by 144.
142
Calculate the remainder when 5271 is divided by 328.
23
Calculate the remainder when 10394 is divided by 29.
12
Calculate the remainder when 30421 is divided by 761.
742
Calculate the remainder when 3023 is divided by 1273.
477
What is the remainder when 27859 is divided by 10?
9
What is the remainder when 10275 is divided by 1807?
1240
Calculate the remainder when 1784947 is divided by 1243.
1242
Calculate the remainder when 464755 is divided by 159.
157
Calculate the remainder when 13618 is divided by 6795.
28
Calculate the remainder when 2083463 is divided by 9.
8
What is the remainder when 2301 is divided by 761?
18
Calculate the remainder when 21575 is divided by 669.
167
What is the remainder when 14798 is divided by 2114?
0
What is the remainder when 1175 is divided by 131?
127
Calculate the remainder when 2316 is divided by 7.
6
What is the remainder when 12849 is divided by 68?
65
Calculate the remainder when 40852 is divided by 744.
676
What is the remainder when 4926 is divided by 4866?
60
Calculate the remainder when 436929 is divided by 18205.
9
What is the remainder when 2767 is divided by 276?
7
What is the remainder when 1047 is divided by 260?
7
Calculate the remainder when 80302 is divided by 6176.
14
What is the remainder when 24917 is divided by 3535?
172
Calculate the remainder when 1124 is divided by 1111.
13
What is the remainder when 8855 is divided by 86?
83
What is the remainder when 440 is divided by 308?
132
What is the remainder when 32720 is divided by 961?
46
What is the remainder when 33537 is divided by 26?
23
What is the remainder when 105268 is divided by 21?
16
Calculate the remainder when 39617 is divided by 219.
197
Calculate the remainder when 704 is divided by 108.
56
What is the remainder when 8166 is divided by 18?
12
What is the remainder when 54625 is divided by 13625?
125
Calculate the remainder when 18233 is divided by 3603.
218
What is the remainder when 5100 is divided by 176?
172
Calculate the remainder when 11047 is divided by 154.
113
Calculate the remainder when 14819 is divided by 3692.
51
Calculate the remainder when 3359 is divided by 56.
55
Calculate the remainder when 851147 is divided by 50.
47
Calculate the remainder when 2781 is divided by 2780.
1
What is the remainder when 5314 is divided by 1043?
99
What is the remainder when 399 is divided by 48?
15
Calculate the remainder when 31410 is divided by 4273.
1499
Calculate the remainder when 40854 is divided by 159.
150
What is the remainder when 48022 is divided by 196?
2
What is the remainder when 2604 is divided by 540?
444
Calculate the remainder when 42813 is divided by 10700.
13
Calculate the remainder when 491 is divided by 475.
16
What is the remainder when 1226 is divided by 670?
556
Calculate the remainder when 361294 is divided by 104.
102
Calculate the remainder when 753 is divided by 342.
69
What is the remainder when 14068 is divided by 207?
199
What is the remainder when 16788 is divided by 5589?
21
Calculate the remainder when 211466 is divided by 58.
56
Calculate the remainder when 4615 is divided by 41.
23
What is the remainder when 3098 is divided by 10?
8
What is the remainder when 1089 is divided by 641?
448
Calculate the remainder when 12549 is divided by 330.
9
What is the remainder when 545678 is divided by 76?
74
Calculate the remainder when 6040 is divided by 3.
1
What is the remainder when 18064 is divided by 12?
4
Calculate the remainder when 4812 is divided by 15.
12
Calculate the remainder when 27104 is divided by 2462.
22
What is the remainder when 1374008 is divided by 71?
16
Calculate the remainder when 3865 is divided by 1074.
643
What is the remainder when 45551 is divided by 9109?
6
What is the remainder when 841 is divided by 841?
0
Calculate the remainder when 47877 is divided by 257.
75
Calculate the remainder when 107735 is divided by 7695.
5
Calculate the remainder when 8847 is divided by 166.
49
What is the remainder when 312579 is divided by 20?
19
What is the remainder when 2208 is divided by 2065?
143
Calculate the remainder when 59959 is divided by 1034.
1021
What is the remainder when 1331 is divided by 166?
3
Calculate the remainder when 15444 is divided by 42.
30
Calculate the remainder when 738 is divided by 634.
104
What is the remainder when 761 is divided by 422?
339
What is the remainder when 810 is div